t l be q(-3). Let i = l - -1045. Is i prime?
True
Suppose 3*c + 0*a - 65 = 5*a, -5*a = 5*c - 135. Let s(u) = 14*u**2 - 2*u - 41. Is s(c) prime?
False
Suppose 0 = -5*z + 10 - 60. Is (-1 - -8946) + (3 - (-70)/z) prime?
True
Let d = 127399 + 53919. Is d a prime number?
False
Let h(t) = -2*t**2 + 3*t + 9. Let g be h(-2). Is 2507 + -10 - (g - 1) prime?
True
Let j(y) = 187*y**2 + 54*y + 46. Is j(21) composite?
True
Let i(g) = -120*g**2 - g + 1. Let j be i(-1). Let q = 125 + j. Suppose -q*s + 21820 + 181 = 0. Is s a composite number?
True
Let h = 94001 - 52110. Is h prime?
False
Let n = 509 - 231. Suppose 3297 = 11*w - n. Let a = w + 1204. Is a a prime number?
False
Suppose 16 = -w + 5*w. Suppose g + 3*g - 4*t = 7664, w*g + 2*t - 7670 = 0. Suppose 3854 = 2*r - 4*i, i - 5*i - g = -r. Is r a composite number?
True
Let y = -11521 + 19700. Is y composite?
False
Let c = 30 + -18. Suppose 3*a = -3*a + c. Suppose 2*b - 4*u = 1142, -5*b + 2*u = -a*b - 1733. Is b a composite number?
True
Suppose 4*j - d = 5, -1 = j + 4*d + 19. Suppose 5*q - 11*q + 12 = j. Suppose -4*m = 0, q*h + 0*h + 5*m = 1282. Is h a prime number?
True
Suppose 123*l - 37170530 = -3*l - 104*l. Is l prime?
True
Let q = 94545 - 22763. Suppose -24*g + q = 14*g. Is g a composite number?
False
Let g be (-3)/6 + (-7)/(-2). Suppose -g*q = -5*q + 24. Suppose -957 = 9*w - q*w. Is w a composite number?
True
Let h(q) = 198*q**2 - 8*q - 45. Is h(7) a composite number?
False
Is ((-2)/5)/((-25978239)/12989115 - (4 + -6)) a prime number?
False
Let a(l) = 7*l - 264. Let s be a(39). Suppose -11*w - 3*n = -s*w - 23011, -4*n - 20 = 0. Is w a prime number?
False
Let u = -4 - -1. Let t be ((-2676)/9)/(1/u). Is -3*(4 + t/(-12)) a composite number?
False
Suppose 0 = -4*b + 5*j + 2002617, 5*b - 1271*j + 1270*j = 2503266. Is b prime?
False
Let q(m) = -2*m**2 - 46*m - 80. Let f be q(-21). Suppose -t - 38590 = -f*n, 3*n = -5*t + 7*t + 28945. Is n composite?
True
Let u = -15 + 17. Let f be ((-63)/6)/(u/(92*-2)). Suppose -5*k = q - f, k - 5*q - 196 = 18. Is k a composite number?
True
Suppose -p = 4*p - 2*n + 6, 15 = 5*p + 5*n. Suppose 1445 = 3*j + x - 977, p = -3*j - 5*x + 2402. Is j a composite number?
False
Suppose -39*f - 228087 = -42*f + 2*u, -304127 = -4*f - u. Is f prime?
True
Let n(r) be the second derivative of -r**3/3 + 11*r**2 + 2*r. Let d be n(10). Suppose w = -5*s + 201, 3*w - d*s + 207 = 4*w. Is w a composite number?
False
Suppose -4*t = -d - 47, -3*t - 10 = d - 40. Suppose -27*j = -t*j - 70672. Is j a prime number?
False
Suppose -2*m = 5*h - 8*h + 47658, -5*m + 5*h - 119140 = 0. Is m/(-19) - (0 - 1) prime?
False
Suppose 0*g - 5*g - 806835 = -5*p, 0 = -g - 4. Is p prime?
True
Let r = 3525 - -21914. Is r composite?
False
Let g(x) = 465*x + 25. Let b(u) = 233*u + 13. Let o(q) = 9*b(q) - 4*g(q). Is o(2) a composite number?
False
Is 50/(-125)*(-498060)/2 + -1 prime?
True
Let z(c) = 353*c - 51. Let a be (0 - 4)*((-40)/8 - -4). Is z(a) composite?
False
Let v = 8 - 5. Let f(o) = o**2 - 5. Let w be f(v). Suppose 5528 + 5300 = w*c. Is c a prime number?
True
Let c be 4/(-22) - (-2 + 27856/(-22)). Let z = c - -1065. Is z a prime number?
True
Let u(o) = 6070*o**2 + 143*o - 103. Is u(10) a composite number?
True
Suppose a - 4*a = -8*a. Suppose -r - 5*c = -19, -5*c + 3*c + 6 = a. Suppose 840 + 3452 = r*g. Is g a composite number?
True
Is 3/1*7/(-63)*-113493 a prime number?
True
Suppose f - 212001 = -k + 82317, 4*f = k + 1177237. Is f prime?
True
Let w be (2 - (-10)/(-4))/(21/2688). Let q = 1879 - w. Is q composite?
True
Let j = -2014 + 2883. Suppose -j = -8*u - 309. Suppose -o + u = 11. Is o a composite number?
False
Let j(x) = -7*x + 653*x**2 + 23*x - 307 + 292. Is j(4) prime?
False
Let y(p) be the first derivative of p**7/15 + p**6/120 - p**5/24 - p**4/24 - 11*p**3 - 48. Let o(i) be the third derivative of y(i). Is o(3) prime?
True
Is 8 - 16 - -195*331 prime?
False
Let l(f) = f**3 - 4*f**2 + 5*f - 2. Let x be l(3). Suppose -5*p + 2*g - 1377 = 0, -6*g - 1120 = x*p - 3*g. Let s = p - -899. Is s prime?
False
Let j(o) = 23068*o - 9615. Is j(14) prime?
False
Suppose 133*q + 1095671 = 148*q - 7159. Is q a composite number?
True
Let s(z) = 2935*z**2 - 74*z - 517. Is s(-6) composite?
True
Let i = 338 + -179. Let a = i - -20. Is a prime?
True
Suppose 98*x - 73*x - 1353060 - 544015 = 0. Is x a composite number?
False
Let s(o) = 179*o**2 + 10*o + 3*o + 3983*o**2 - 2*o - 3*o - 25. Is s(2) prime?
False
Let m be (-36)/(-16) - (5/4 - 1). Suppose 0 = 2*n + 5*r - 24741, 3*n - m*r - 15774 = 21347. Is n prime?
True
Let d(g) = -6*g**3 - 27*g**2 - 69*g + 41. Is d(-17) a prime number?
False
Let c be 32/(-56) + (-278513)/(-7). Suppose -23799 = -2*o + c. Is o composite?
False
Let v(z) = 198*z**2 - 68*z - 15. Is v(14) a prime number?
False
Suppose 29*j - 38*j + 1404 = 0. Let c = j - -823. Is c prime?
False
Suppose 52742766 = 402*p - 21*p - 97699275. Is p prime?
True
Suppose j = 7*t - 3*t - 1108412, 2*t = 3*j + 554206. Is t a prime number?
False
Suppose -8*t + 842818 + 2451414 = 0. Is t composite?
False
Let v(h) = 5014*h - 317. Is v(9) a composite number?
False
Let k(n) = -n**2 + 20*n - 19. Let o be 325/17 + 16/(-136). Let a be k(o). Suppose a = -2*f - 314 + 1824. Is f a prime number?
False
Suppose 30495 = 12*p - 7*p - r, 0 = -2*r. Suppose 1354 + p = 4*k - 5*q, 0 = k + 2*q - 1873. Is k composite?
False
Let x(s) = 61*s - 23. Suppose -15*n - 33 = -123. Let p be x(n). Suppose 546 + p = d. Is d a composite number?
True
Let d(a) = -10146*a - 193. Is d(-10) composite?
False
Suppose -2117759 = -3*i - 2*z, -138*z = -135*z - 3. Is i a prime number?
True
Let m(f) = -12*f**3 - f**2 + f - 2. Let k be m(-2). Let j = -1487 + 1738. Let s = j - k. Is s a prime number?
True
Suppose 4*j + 4*c + 8 = 0, -3*c = 2*c - 10. Let v be -3 - (j + 3)*5. Is 3752/21 - (-1)/6*v a prime number?
True
Suppose -42*q + 44*q = z - 64795, 194385 = 3*z - 2*q. Is z prime?
False
Let g(a) = -61*a + 16. Let i be g(-2). Suppose 45*t - 51*t + i = 0. Is t a composite number?
False
Let o = -33293 - -57856. Suppose 3*q = -2*w + 6*q + 49130, w = 2*q + o. Is w prime?
True
Let z = -21342 + 25925. Is z a composite number?
False
Is (60734562/28 - -3)*(-2)/(-9) prime?
True
Suppose 4*l - 20 = 0, -l = c + 3*l - 19. Let o be ((-3)/(-12)*4)/(c/(-4)). Suppose m = -o, 0*t + 4624 = 4*t - 5*m. Is t prime?
True
Let u = -2419 - -3668. Suppose -l + 438 = i + 4*l, -3*i + u = 2*l. Suppose -5*a + i = 2*a. Is a composite?
False
Let w be 54180/(-2)*16/32. Let a = 25716 + w. Is a a prime number?
False
Is (2*(-4)/6)/((-460)/87687615) a composite number?
True
Suppose -2*m - 15 = -5*s, -2*s = 2*s + 2*m - 12. Let z(t) = 1465*t + 26. Is z(s) prime?
True
Suppose 0 = -3*q - 8*q + 1066519 + 518394. Is q prime?
False
Suppose 18*r = 14*r + 16. Let p(n) = 3*n - 17. Let g be p(r). Is ((-10)/9)/g + (-10130)/(-18) prime?
True
Suppose -12*k = -18*k - 24. Let m(w) = 851*w**2 - 22*w - 109. Is m(k) composite?
True
Let b(o) = -7*o + 91. Let m be b(16). Let z(l) = 52 - 6 - 15*l - 2. Is z(m) prime?
True
Let l be (-12856)/(-10) - 54/(-135). Let m = 2800 - l. Is m a prime number?
False
Suppose 15*v + 6 = 12*v. Let m be 1*(v - (1 + 7)/(-2)). Suppose 3*w - 903 = -m*q, w + 612 = 3*w - 2*q. Is w a prime number?
False
Suppose 5*h + 806701 = -8*h + 20*h. Is h a prime number?
False
Suppose 0 = -2*v + 4*z + 1208, 0 = -0*z + z - 1. Suppose t + t + 2*s = v, 4*s = -16. Suppose 0 = 7*x - 3*x + 5*h - 1165, t = x - 4*h. Is x prime?
False
Let x = -19304 + 35775. Let o = -9662 + x. Is o a composite number?
True
Suppose 17*z = -410*z + 325000069 + 298934466. Is z a prime number?
False
Let o(c) be the second derivative of 17*c**4/6 - 13*c**3/6 - c**2 + 15*c. Let y be o(9). Is y/9 - 28/(-126) prime?
True
Let r(u) = u**3 - 4*u**2 - 11*u + 1. Let h be r(6). Let a(f) = 39*f**2 - 13*f + 33. Let s be a(h). Let t = s - 936. Is t composite?
True
Let s = 260611 + -126308. Is s a prime number?
False
Suppose 3*u - 4*s = 86063, -5*u + 2*s + 194627 = 51156. Is u a composite number?
False
Suppose -2*d + 5*o = 4, 0*o = d - 4*o + 2. Is 246 - 18/12*d composite?
True
Is (-1)/1*(13 - 2) + 110778 a prime number?
False
Let a(o) = -o + 1. Let l(x) = -x**2 + 19*x - 62. Let v be l(15). Let s(b) = -49*b**2 + 15*b + 11. Let q(h) = v*a(h) - s(h). Is q(10) composite?
True
Let 